{"id":2626,"date":"2025-04-01T16:33:17","date_gmt":"2025-04-01T19:33:17","guid":{"rendered":"https:\/\/www.marylandidiomas.com\/site\/?page_id=2626"},"modified":"2025-06-18T13:01:58","modified_gmt":"2025-06-18T16:01:58","slug":"idiomas","status":"publish","type":"page","link":"https:\/\/www.marylandidiomas.com.br\/site\/idiomas\/","title":{"rendered":"Idiomas"},"content":{"rendered":"\t\t<div data-elementor-type=\"wp-page\" data-elementor-id=\"2626\" class=\"elementor elementor-2626\" data-elementor-post-type=\"page\">\n\t\t\t\t<div class=\"elementor-element elementor-element-6d2e1a20 e-flex e-con-boxed e-con e-parent\" data-id=\"6d2e1a20\" data-element_type=\"container\" data-e-type=\"container\" data-settings=\"{&quot;background_background&quot;:&quot;classic&quot;,&quot;jet_parallax_layout_list&quot;:[]}\">\n\t\t\t\t\t<div class=\"e-con-inner\">\n\t\t\t\t<div class=\"elementor-element elementor-element-29733024 elementor-invisible elementor-widget elementor-widget-heading\" data-id=\"29733024\" data-element_type=\"widget\" data-e-type=\"widget\" data-settings=\"{&quot;_animation&quot;:&quot;fadeIn&quot;}\" data-widget_type=\"heading.default\">\n\t\t\t\t<div class=\"elementor-widget-container\">\n\t\t\t\t\t<h1 class=\"elementor-heading-title elementor-size-default\">Idiomas<\/h1>\t\t\t\t<\/div>\n\t\t\t\t<\/div>\n\t\t\t\t\t<\/div>\n\t\t\t\t<\/div>\n\t\t<div class=\"elementor-element elementor-element-289b1c95 e-flex e-con-boxed e-con e-parent\" data-id=\"289b1c95\" data-element_type=\"container\" data-e-type=\"container\" data-settings=\"{&quot;jet_parallax_layout_list&quot;:[],&quot;background_background&quot;:&quot;classic&quot;}\">\n\t\t\t\t\t<div class=\"e-con-inner\">\n\t\t\t\t<div class=\"elementor-element elementor-element-2193435d elementor-invisible elementor-widget elementor-widget-heading\" data-id=\"2193435d\" data-element_type=\"widget\" data-e-type=\"widget\" data-settings=\"{&quot;_animation&quot;:&quot;fadeInUp&quot;}\" data-widget_type=\"heading.default\">\n\t\t\t\t<div class=\"elementor-widget-container\">\n\t\t\t\t\t<h3 class=\"elementor-heading-title elementor-size-default\">Idiomas que abrem portas para o mundo<\/h3>\t\t\t\t<\/div>\n\t\t\t\t<\/div>\n\t\t\t\t<div class=\"elementor-element elementor-element-3fe8df62 elementor-invisible elementor-widget elementor-widget-text-editor\" data-id=\"3fe8df62\" data-element_type=\"widget\" data-e-type=\"widget\" data-settings=\"{&quot;_animation&quot;:&quot;fadeInUp&quot;}\" data-widget_type=\"text-editor.default\">\n\t\t\t\t<div class=\"elementor-widget-container\">\n\t\t\t\t\t\t\t\t\t<p>Aprenda ingl\u00eas, espanhol, franc\u00eas ou portugu\u00eas para estrangeiros com uma metodologia pr\u00e1tica, envolvente e focada nos seus objetivos. Escolha seu idioma e comece agora sua jornada lingu\u00edstica com a <strong>MaryLand Idiomas<\/strong>.<\/p>\t\t\t\t\t\t\t\t<\/div>\n\t\t\t\t<\/div>\n\t\t\t\t\t<\/div>\n\t\t\t\t<\/div>\n\t\t<div class=\"elementor-element elementor-element-1a882afa e-flex e-con-boxed e-con e-parent\" data-id=\"1a882afa\" data-element_type=\"container\" data-e-type=\"container\" data-settings=\"{&quot;jet_parallax_layout_list&quot;:[],&quot;background_background&quot;:&quot;classic&quot;}\">\n\t\t\t\t\t<div class=\"e-con-inner\">\n\t\t\t\t<div class=\"elementor-element elementor-element-d1e58a1 elementor-invisible elementor-widget elementor-widget-heading\" data-id=\"d1e58a1\" data-element_type=\"widget\" data-e-type=\"widget\" data-settings=\"{&quot;_animation&quot;:&quot;fadeInUp&quot;}\" data-widget_type=\"heading.default\">\n\t\t\t\t<div class=\"elementor-widget-container\">\n\t\t\t\t\t<h4 class=\"elementor-heading-title elementor-size-default\">Por qual idioma voc\u00ea quer come\u00e7ar sua jornada?<\/h4>\t\t\t\t<\/div>\n\t\t\t\t<\/div>\n\t\t<div class=\"elementor-element elementor-element-9603789 e-grid e-con-full e-con e-child\" data-id=\"9603789\" data-element_type=\"container\" data-e-type=\"container\" data-settings=\"{&quot;jet_parallax_layout_list&quot;:[]}\">\n\t\t\t\t<div class=\"elementor-element elementor-element-6c7601c elementor-invisible elementor-widget elementor-widget-image\" data-id=\"6c7601c\" data-element_type=\"widget\" data-e-type=\"widget\" data-settings=\"{&quot;_animation&quot;:&quot;fadeInUp&quot;,&quot;_animation_delay&quot;:100}\" data-widget_type=\"image.default\">\n\t\t\t\t<div class=\"elementor-widget-container\">\n\t\t\t\t\t\t\t\t\t\t\t\t\t\t\t\t<a href=\"https:\/\/www.marylandidiomas.com.br\/site\/idiomas\/ingles\/\">\n\t\t\t\t\t\t\t<img fetchpriority=\"high\" decoding=\"async\" width=\"640\" height=\"480\" src=\"https:\/\/www.marylandidiomas.com.br\/site\/wp-content\/uploads\/2025\/04\/us.svg\" class=\"elementor-animation-grow attachment-full size-full wp-image-2692\" alt=\"\" \/>\t\t\t\t\t\t\t\t<\/a>\n\t\t\t\t\t\t\t\t\t\t\t\t\t\t\t<\/div>\n\t\t\t\t<\/div>\n\t\t\t\t<div class=\"elementor-element elementor-element-19ee3d2 elementor-invisible elementor-widget elementor-widget-image\" data-id=\"19ee3d2\" data-element_type=\"widget\" data-e-type=\"widget\" data-settings=\"{&quot;_animation&quot;:&quot;fadeInUp&quot;,&quot;_animation_delay&quot;:200}\" data-widget_type=\"image.default\">\n\t\t\t\t<div class=\"elementor-widget-container\">\n\t\t\t\t\t\t\t\t\t\t\t\t\t\t\t\t<a href=\"https:\/\/www.marylandidiomas.com.br\/site\/idiomas\/frances\/\">\n\t\t\t\t\t\t\t<img decoding=\"async\" width=\"640\" height=\"480\" src=\"https:\/\/www.marylandidiomas.com.br\/site\/wp-content\/uploads\/2025\/04\/fr.svg\" class=\"elementor-animation-grow attachment-full size-full wp-image-2694\" alt=\"\" \/>\t\t\t\t\t\t\t\t<\/a>\n\t\t\t\t\t\t\t\t\t\t\t\t\t\t\t<\/div>\n\t\t\t\t<\/div>\n\t\t\t\t<div class=\"elementor-element elementor-element-1174d97 elementor-invisible elementor-widget elementor-widget-image\" data-id=\"1174d97\" data-element_type=\"widget\" data-e-type=\"widget\" data-settings=\"{&quot;_animation&quot;:&quot;fadeInUp&quot;,&quot;_animation_delay&quot;:300}\" data-widget_type=\"image.default\">\n\t\t\t\t<div class=\"elementor-widget-container\">\n\t\t\t\t\t\t\t\t\t\t\t\t\t\t\t\t<a href=\"https:\/\/www.marylandidiomas.com.br\/site\/idiomas\/espanhol\/\">\n\t\t\t\t\t\t\t<img decoding=\"async\" width=\"640\" height=\"480\" src=\"https:\/\/www.marylandidiomas.com.br\/site\/wp-content\/uploads\/2025\/04\/es.svg\" class=\"elementor-animation-grow attachment-full size-full wp-image-2693\" alt=\"\" \/>\t\t\t\t\t\t\t\t<\/a>\n\t\t\t\t\t\t\t\t\t\t\t\t\t\t\t<\/div>\n\t\t\t\t<\/div>\n\t\t\t\t<div class=\"elementor-element elementor-element-1525e8b elementor-invisible elementor-widget elementor-widget-image\" data-id=\"1525e8b\" data-element_type=\"widget\" data-e-type=\"widget\" data-settings=\"{&quot;_animation&quot;:&quot;fadeInUp&quot;,&quot;_animation_delay&quot;:400}\" data-widget_type=\"image.default\">\n\t\t\t\t<div class=\"elementor-widget-container\">\n\t\t\t\t\t\t\t\t\t\t\t\t\t\t\t\t<a href=\"https:\/\/www.marylandidiomas.com.br\/site\/idiomas\/portugues-para-estrangeiros\/\">\n\t\t\t\t\t\t\t<img loading=\"lazy\" decoding=\"async\" width=\"640\" height=\"480\" src=\"https:\/\/www.marylandidiomas.com.br\/site\/wp-content\/uploads\/2025\/04\/br.svg\" class=\"elementor-animation-grow attachment-full size-full wp-image-2696\" alt=\"\" \/>\t\t\t\t\t\t\t\t<\/a>\n\t\t\t\t\t\t\t\t\t\t\t\t\t\t\t<\/div>\n\t\t\t\t<\/div>\n\t\t\t\t<\/div>\n\t\t\t\t\t<\/div>\n\t\t\t\t<\/div>\n\t\t\t\t<\/div>\n\t\t","protected":false},"excerpt":{"rendered":"<p>Idiomas que abrem portas para o mundo Aprenda ingl\u00eas, espanhol, franc\u00eas ou portugu\u00eas para estrangeiros com uma metodologia pr\u00e1tica, envolvente e focada nos seus objetivos. Escolha seu idioma e comece agora sua jornada lingu\u00edstica com a MaryLand Idiomas. Por qual idioma voc\u00ea quer come\u00e7ar sua jornada?<\/p>\n","protected":false},"author":1,"featured_media":4870,"parent":0,"menu_order":1,"comment_status":"closed","ping_status":"closed","template":"","meta":{"footnotes":""},"class_list":["post-2626","page","type-page","status-publish","has-post-thumbnail","hentry"],"_links":{"self":[{"href":"https:\/\/www.marylandidiomas.com.br\/site\/wp-json\/wp\/v2\/pages\/2626","targetHints":{"allow":["GET"]}}],"collection":[{"href":"https:\/\/www.marylandidiomas.com.br\/site\/wp-json\/wp\/v2\/pages"}],"about":[{"href":"https:\/\/www.marylandidiomas.com.br\/site\/wp-json\/wp\/v2\/types\/page"}],"author":[{"embeddable":true,"href":"https:\/\/www.marylandidiomas.com.br\/site\/wp-json\/wp\/v2\/users\/1"}],"replies":[{"embeddable":true,"href":"https:\/\/www.marylandidiomas.com.br\/site\/wp-json\/wp\/v2\/comments?post=2626"}],"version-history":[{"count":98,"href":"https:\/\/www.marylandidiomas.com.br\/site\/wp-json\/wp\/v2\/pages\/2626\/revisions"}],"predecessor-version":[{"id":7204,"href":"https:\/\/www.marylandidiomas.com.br\/site\/wp-json\/wp\/v2\/pages\/2626\/revisions\/7204"}],"wp:featuredmedia":[{"embeddable":true,"href":"https:\/\/www.marylandidiomas.com.br\/site\/wp-json\/wp\/v2\/media\/4870"}],"wp:attachment":[{"href":"https:\/\/www.marylandidiomas.com.br\/site\/wp-json\/wp\/v2\/media?parent=2626"}],"curies":[{"name":"wp","href":"https:\/\/api.w.org\/{rel}","templated":true}]}}